7. What are the prime factors of q?
2, 97
Let v(j) = 38*j**2 - 52*j - 564. What are the prime factors of v(-21)?
2, 3, 43, 67
Suppose 2*c - 8 = -2*c. Suppose 1 = -c*j + 7. Suppose -12 = -3*m, 2*m + j*m = 4*g - 172. What are the prime factors of g?
2, 3
Suppose -80 = -2*u + 5*k - 0*k, 0 = 4*k + 16. Let r(f) = -1 + 4 + u*f - 1 + 1. What are the prime factors of r(2)?
3, 7
Let p = 34731 - -52468. List the prime factors of p.
7, 12457
Suppose -88*h + 44808 = -85*h. What are the prime factors of h?
2, 1867
Suppose 2*n - 910 = -5*v, 5*n - 3*v - 1344 = 2*n. Let r be (1 - -6)*(-1 + 2). Suppose r*u - n = 2*u. What are the prime factors of u?
2, 3, 5
Suppose -l = -903 - 235. Suppose -5*v - 3*c = -1426, -2*v = 2*v + c - l. Suppose 18 = 2*t - v. What are the prime factors of t?
151
Let t be 62/(-8) - 105/(-140). Let o(q) = 3*q + q - 17*q + 14. List the prime factors of o(t).
3, 5, 7
Suppose 0 = -16*o + 24*o - 64. What are the prime factors of (-24 - -2 - 0)*o*-1?
2, 11
Suppose -b + s + 2 = -7, 2*b + 6 = -4*s. Suppose -g + 41 = 2*z, -5*z = b + 15. Let f = g + -47. What are the prime factors of f?
2
Suppose -58*s + 38388 = -2551486. What are the prime factors of s?
7, 6379
Let h be -29*1 + 32/16. Let v = h + -3. Let l = 60 + v. List the prime factors of l.
2, 3, 5
Suppose 2*r = 15*r - 39. Suppose -r*g - b = -0*b - 107, -3*b = 3*g - 117. What are the prime factors of g?
2, 17
Let t = 7976 + -7773. What are the prime factors of t?
7, 29
Let n be (-112)/21*(0 + -1 + 61). Let p = -101 - n. What are the prime factors of p?
3, 73
List the prime factors of (16 + 152)*534/9.
2, 7, 89
Suppose -320 = -p + 4*s, 5*p - 10*s + 5*s = 1585. Let f(a) = 70*a + 4. Let j be f(-3). Let d = j + p. List the prime factors of d.
2, 5, 11
Suppose 0 = -38*k + 189686 - 59688. List the prime factors of k.
11, 311
Suppose -9*c + 1389 = -6*c. Suppose -8*w - 570 = -5*m - 3*w, 4*m + 3*w - c = 0. Suppose -m - 71 = -2*i. List the prime factors of i.
3, 31
Suppose 23*x + 10 = 5*j + 22*x, -5*j = -5*x - 10. Suppose -1032 = j*y - 6*y + 4*c, 0 = -3*y - 4*c + 795. What are the prime factors of y?
3, 29
Let a be (-1504)/(-16) + (1 - 6)*1. Suppose 90*b = a*b + 889. List the prime factors of b.
7, 127
Let g be (-18)/27 - 1*33/(-9). Suppose g*c = 34*c - 36642. What are the prime factors of c?
2, 3, 197
What are the prime factors of ((-43 - -110) + -68)/((2/6139)/(-2))?
7, 877
Let f = 114 - 113. What are the prime factors of (-7 + 6)*(f + (-220)/2)?
109
Suppose 4*m - 4*z = -16, -26*m + z = -27*m. List the prime factors of (m - (-4 - 10/25))*200.
2, 3, 5
Suppose 0 = 8*z - 591 - 57. Let c = z + -77. Suppose c*x = 11*x - 1386. What are the prime factors of x?
2, 3, 11
Suppose 0 = -5*u + 15, 3*v = 6*v + 5*u - 7020. What are the prime factors of v?
5, 467
Let n be (-1 - 1)*(6/12 + -2). Suppose -5*a + y = n*y + 16, -y + 22 = -5*a. List the prime factors of a/(-14) + 12790/70.
3, 61
Let y(s) = -9*s - 23. Let z be y(-7). Let w be -35*(-3 + -1)/z*4. Let d = w + 1. List the prime factors of d.
3, 5
Let m(l) = -l**2 - 13*l - 18. Let c be m(-11). Let h be 144/90 + c/10. What are the prime factors of 11902/55 - (-4)/(-10) - h?
2, 107
Let w(p) = -300*p**3 - 6*p**2 + 9*p + 30. List the prime factors of w(-2).
2, 3, 199
Let k = -12576 - -20984. What are the prime factors of k?
2, 1051
Let f be ((-5)/3)/(-5) + 4984/24. Let l = f - 27. What are the prime factors of l?
181
Suppose 3*q - 3*z - 171 = 0, -5*q + 338 = -z + 69. Suppose q*o = o + 58084. List the prime factors of o.
1117
Let m be ((-20)/12)/(55/(-66)). Suppose -1629 - 248 = -3*t - 5*z, -m*z - 1230 = -2*t. List the prime factors of t.
619
Suppose -2*h - 2 = -2*r, 3*h - 6*r = -r - 3. Let u be 4/(h + 3) + (-1420)/(-20). Let y = 145 - u. List the prime factors of y.
2, 3
Let q(b) = -2*b + 22. Let c be q(11). Suppose c = 8*k - k - 5327. Suppose 2*w - 608 = -2*o, -3*w = -4*o + 455 + k. What are the prime factors of o?
2, 19
Let j be (30/(-9))/(2/9) - 1. List the prime factors of (-4256)/(-6) + j/(-24).
2, 5, 71
Let p(o) = 919*o - 55. Let i(j) = 459*j - 27. Let r(l) = -7*i(l) + 4*p(l). What are the prime factors of r(4)?
3, 607
Suppose 7*n = -996 + 6316. Suppose -26*h + 24*h = -n. What are the prime factors of h?
2, 5, 19
Suppose -7*y + 385 + 518 = 0. Let h be ((-15)/5 - y)*-12. What are the prime factors of 2*(-2)/(-10) - h/(-15)?
2, 53
Suppose 6*i - 45 = 3. Suppose 15*w = 13*w + i. What are the prime factors of (-386)/(-4) + -4 - 2/w?
2, 23
Let z = -206 - -142. Let f = 66 + z. Suppose -f*c = c - 420. What are the prime factors of c?
2, 5, 7
Let b(y) = -9*y**2 + 44*y + 3. Let z be (6/(-10))/((-6)/30). What are the prime factors of b(z)?
2, 3
Let n(b) = 500*b + 795. List the prime factors of n(11).
5, 1259
Let n(h) = -73*h + 147. Let o(b) = -18*b + 85. Let k be o(5). List the prime factors of n(k).
2
Suppose -w = 3*v - 183678, v + 8197 = 2*w + 69437. List the prime factors of v.
2, 15307
Let j be 16285/25 + 4 - (-3)/5. Let p = j + -521. What are the prime factors of p?
3, 5
Let v(l) = l**3 + 2*l**2 + l - 2. Let h be v(1). Suppose -3*w + 6 = -0*w, -5*r - h*w = -24. Let m(u) = 11*u - 27. List the prime factors of m(r).
17
Suppose 6*x = 10*x, -5*q - 2*x - 2*x + 41495 = 0. List the prime factors of q.
43, 193
Suppose -c - 3 = 0, -7*c + 3*c + 16 = 4*b. Suppose -b*i = -0*i - 2*i. Suppose 4*z - 2*g = 410, 0 = 3*z - i*g + g - 310. What are the prime factors of z?
103
Let m = 44 - 45. Let t be (m/(-4))/(213/(-108) + 2). Suppose 10*n = t*n + 139. List the prime factors of n.
139
Let a = 84 - 94. Let g(q) = 4*q**2 + 2*q + 10. List the prime factors of g(a).
2, 3, 5, 13
Let m(h) = 502*h + 2*h**2 - h**2 - 495*h + 8. Let t be m(-6). Suppose 0 = -t*a + 2*k + 104, -5*a - 2*k = -3*k - 276. List the prime factors of a.
2, 7
What are the prime factors of (-82)/((-72)/192 + 265/728)?
2, 7, 13, 41
Suppose 3*v = 5*n + 24697, 24677 = v + 2*v + 5*n. List the prime factors of v.
3, 13, 211
Let k = -53 + 53. Suppose -5*s + a = 865, -5*a + 4*a = k. Let w = 314 + s. List the prime factors of w.
3, 47
Suppose 2*i - 10 = 0, -2*b - 10*i + 29152 = -114138. What are the prime factors of b?
2, 5, 3581
Suppose 5*t - 19519 = -3*h, -4*h + 5*t = -9973 - 16099. What are the prime factors of h?
3, 13, 167
Let o(i) = 68*i**3 + 21*i**2 - 34*i - 24. What are the prime factors of o(6)?
2, 3, 317
List the prime factors of (-7)/224*-4 + (-5879643)/(-168).
2, 3, 19, 307
Suppose 205 = 5*u - y, 68*y + 41 = u + 66*y. List the prime factors of u.
41
Let l(k) = -2*k**3 - 15*k**2 - 5*k + 22. Let h(v) = -v**3 - 7*v**2 - 2*v + 12. Let j(y) = -5*h(y) + 3*l(y). List the prime factors of j(-13).
2, 17
Suppose -146 = 20*m - 21*m. Let l = 278 - m. Suppose -3*n + l = n. List the prime factors of n.
3, 11
Let q = -36199 - -64415. List the prime factors of q.
2, 3527
Let a(s) = 4*s**2 - 35*s - 5. Let p be a(9). Suppose -4*u = p*b - 5236, -5*b - 4808 = -4*u + 383. What are the prime factors of u?
2, 163
Let k(u) = 7*u**2 + 6*u - 16. Suppose -h = -6*h - f + 57, 5*f - 54 = -4*h. Suppose -15 + h = -w. What are the prime factors of k(w)?
2, 3, 5
Suppose -678 = 3*u + 3*n, 0*u - 235 = u + 4*n. Suppose 174 = -j - 4*j + 2*t, 0 = -5*j - 3*t - 164. Let s = j - u. List the prime factors of s.
3, 7
Let x be (-591)/15 + 9/(-15). Let i = x - -48. Suppose 544 = -i*m + 12*m. What are the prime factors of m?
2, 17
Let y = 17380 + -11427. List the prime factors of y.
5953
Let n = 3 + 1. Let i(z) = 6*z**2 + 11*z + 2. Let h be i(n). Let m = h - 29. List the prime factors of m.
113
Let s = 16507 + -8817. List the prime factors of s.
2, 5, 769
Let i(r) = 4*r + 24. Let u be i(-7). Let o be (-8 - -4)*-1 + u. Suppose -5*b + 273 = -0*b - k, o = 2*b + 5*k - 120. What are the prime factors of b?
5, 11
Suppose 10548 = 2*m - 4*g, -2*g = 4*m - 15400 - 5646. Suppose -14490 = -17*a + m. What are the prime factors of a?
2, 7, 83
Suppose -39191 = 8*f - 158943. What are the prime factors of f?
14969
Suppose -21 = -9*j - 3. Suppose -m = 5*a - 2*m - 600, -5*a - j*m + 600 = 0. List the prime factors of a.
2, 3, 5
List the prime factors of -2*(-4)/2 + 2154*260/120.
3, 173
Suppose 21*c - 388996 = -2*c + 421087. What are the prime factors of c?
35221
Let s = -189 - -330. Suppose s + 99 = 6*g. List the prime factors of g.
2, 5
Let j(f) = f + 25. Let d(w) = -w**3 + 16*